
List the prime factors of (-10473)/(-1) - ((-2)/21 - 15744/(-2583)).
3, 1163
Let g(w) = w + 48. Let u be g(-11). Suppose u*y = 20*y + 10744. List the prime factors of y.
2, 79
Suppose z - 19895 = -4*l + 20243, l = -2*z + 10031. List the prime factors of (15/(-25))/((-9)/l).
3, 223
Suppose -13*u + 377463 + 308843 = 79050. List the prime factors of u.
2, 5839
Let k = -846 - -963. Let h be -83 + (1 - 0/(-1)). Let m = k + h. What are the prime factors of m?
5, 7
Let l(m) = -15438*m + 2403. List the prime factors of l(-1).
3, 19, 313
Let q be ((-18)/15)/((-4)/(-10)). Let j(x) = x**3 + 7*x**2 + 6*x + 8. Let r be j(q). Suppose -r*l + 335 = -21*l. What are the prime factors of l?
67
List the prime factors of ((-2)/(-5))/(8/(-80)) + (-762498)/(-198).
3847
Suppose 27856 + 1892 = 3*m + 3*s, -4*m + 39676 = s. Suppose -7*a = 13*a - m. List the prime factors of a.
2, 31
Let n(v) = 6*v**3 - 40*v**2 + 7*v. Let i be n(11). List the prime factors of 0 - 4 - 2*i/(-22).
17
Let a = -31 - -36. Suppose -2 = -0*w - w, -a*b + 768 = -w. Let k = b - 29. What are the prime factors of k?
5
Let z(j) = 4*j**2 - 12*j**3 - 43*j - 7 + 97*j + j**2 - 53*j. What are the prime factors of z(-3)?
359
Let j be (2/(-5) - 1952/(-80))*-1. What are the prime factors of 33*((-181)/(-2))/((-36)/j)?
11, 181
Let b(c) = 43*c**2 - 12*c + 416. Let y(p) = 15*p**2 - 4*p + 139. Let g(a) = 6*b(a) - 17*y(a). What are the prime factors of g(16)?
3, 31
Suppose 495640 = 5*s - 5*a, 0 = -5*s - 4*a + 134947 + 360711. What are the prime factors of s?
2, 5, 23, 431
Let i be -3935*(126/35 + -4). Suppose -5*h = j + j - i, j = 2. List the prime factors of h.
2, 157
What are the prime factors of (-11*(-14)/(-77))/(4/(-8462))?
4231
Let k be 0 + -3 + (11 - 50). Let x = -51 - k. List the prime factors of x*(1 + 4/(-3)) - -65.
2, 17
Let w be 38 - 33 - (-1 + -1). Suppose -w*l + 919 + 656 = 0. What are the prime factors of l?
3, 5
Let k be -345 + 2*(-4 - (1 + -3)). Let j = 784 + k. List the prime factors of j.
3, 5, 29
Let s be (123/(-9))/((-1)/12). Let z be 0/3*((-6)/(-9) - 1). Suppose -2*x = -2*a - 164, z = -2*x - 0*a + 5*a + s. List the prime factors of x.
2, 41
Suppose 28*b + 3003 = -10577. Let m = b - -848. What are the prime factors of m?
3, 11
Let s(h) = -h**3 + 15*h**2 + 23*h - 9. Suppose 5*k - 81 + 17 = -l, -l - 53 = -4*k. What are the prime factors of s(k)?
2, 157
Suppose -3*k - 3 = -3*p, 4*k + 0*p + 4*p = 4. Let g be 42/4*44/6. List the prime factors of (-87)/(k - -4 - g/14).
2, 29
Let f = -3386 - -2231. Let o = -796 - f. List the prime factors of o.
359
Let j = 1430 - 541. What are the prime factors of j?
7, 127
Let c(z) = 2*z**3 - z**2 - 14*z - 6. Let b be c(4). What are the prime factors of 6*(1 + b)/(-1 - -2)?
2, 3, 17
Suppose 0 = o - 2*l - 3289, -16*l + 15*l = o - 3280. What are the prime factors of o?
7, 67
Let p(i) = 115*i - 1. Let q(j) = -58*j + 1. Let v(h) = -6*p(h) - 10*q(h). Let a be v(-2). What are the prime factors of (16/3)/(12/a)?
2, 3
Suppose 0 = 36*f - 31 - 5. List the prime factors of 304 + 0/((-3)/f) + -3.
7, 43
Let s(v) = -4*v**2 - 51*v + 15. Let x be s(-13). Suppose 4*r - 930 = -x*k, -k = 3*r + 3*k - 695. What are the prime factors of r?
233
Let a(q) = q**3 - 14*q**2 + q - 12. Let i be a(14). Suppose -20 = -5*f - 2*m, 4*m = -3*f + i*f + 22. Suppose -f*y = -157 - 83. List the prime factors of y.
2, 3, 5
Let y = -1495 - -3663. List the prime factors of y.
2, 271
Suppose 5*u - 9*u - z = -120361, -3*u - 5*z = -90258. List the prime factors of u.
30091
Suppose -2*f + 3966 = -5*f - 3*n, f + 1328 = n. Let u = -263 - f. What are the prime factors of u?
2, 3, 59
Suppose 146*l - 4720038 = 3504434. List the prime factors of l.
2, 14083
Let a = 298 - 308. List the prime factors of (14 - 1008/70) + (-1644)/a.
2, 41
Let m = 458 + -452. Suppose m*j - 2605 = 1463. What are the prime factors of j?
2, 3, 113
Let u be ((-4)/18)/1 - (-249)/27. Let d(x) = 186*x - 23. Let m be d(u). Suppose m = 6*v + 7*v. What are the prime factors of v?
127
Let g = -19 - -13. Let d be 58/(-3)*(9/g - 0). Suppose d = 4*h + 3*l - 81, -2*l + 112 = 4*h. List the prime factors of h.
29
Suppose 4*w = 2*d - 12 + 20, d + 3*w - 6 = 0. Suppose d = 5*y - h - 0*h - 297, -288 = -5*y + 4*h. List the prime factors of y.
2, 3, 5
List the prime factors of -4 - ((-7)/5 + (-616860)/100).
2, 3083
List the prime factors of 343/98*(105412/28 - -1).
2, 5, 659
Suppose 5*p + 4*y - 3092 = 0, 3*p + 5*y - 1850 = -0*p. Suppose -5*o = 3*n - 772, -4*o - 9*n = -6*n - p. List the prime factors of o.
2, 19
Let a = -216 - -192. What are the prime factors of (-12288)/a + -1 + 1 + 3?
5, 103
Let z = -10808 + 24568. List the prime factors of z.
2, 5, 43
Let h(n) be the third derivative of -13*n**6/40 - n**5/10 + 5*n**3/3 - 27*n**2 + 2*n. List the prime factors of h(-3).
1009
Let t be -5 - ((-1)/(-4) - 3/12). Let h(s) = -9*s + 10. Let i be h(t). Suppose 0 = -i*y + 52*y + 330. List the prime factors of y.
2, 5, 11
Suppose 30669 = 5*l + 4*w, 2*w + 61 = 73. What are the prime factors of l?
3, 227
Let n be (16 - 0) + -11 + 7. Suppose 4*b = 0, -h + 2*b + n = h. Suppose -h*v + 2*v + 228 = 0. What are the prime factors of v?
3, 19
Let i(r) = 3*r**2 - 12*r + 2. Suppose 4*z + 23 - 59 = 0. Suppose -57 = -z*g - 12. List the prime factors of i(g).
17
Suppose -826 - 1851 = -3*c + 5*k, -2659 = -3*c - 4*k. Let t = -351 + c. What are the prime factors of t?
2, 269
Let a(g) = -1754*g + 3447. What are the prime factors of a(-16)?
31511
Let v(c) = -c**2 - 11*c - 13. Let r be v(-9). Suppose r*u - 2331 = -s + 144, 4*s = -2*u + 1008. Suppose -7*d + 409 + u = 0. List the prime factors of d.
3, 43
Let z(b) = -5*b**3 - 5*b**2 - 10*b + 1. Suppose 9 = -3*g + 3. List the prime factors of z(g).
41
Suppose 6*t = 2*t + 16. Suppose 0 = -t*j - 4*l - 60 - 92, 2*l - 41 = j. Let q = 204 + j. What are the prime factors of q?
3, 5, 11
Let y(q) = -9*q - 88. Let g be y(-10). Suppose 0 = -4*b - 3*u - u + 696, 5*b = g*u + 849. What are the prime factors of b?
3, 19
Suppose -5*c + 5*g + 95082 - 29827 = 0, -3*c + 39143 = -g. What are the prime factors of c?
2, 11, 593
Let y(s) = 8*s**3 - s**2 - s - 2. Let x = -15 - -18. Suppose 4*t = 4*b - 4, -x*b + 2*b - 3 = -5*t. List the prime factors of y(b).
2, 7
Let c(n) = 2082*n - 404. List the prime factors of c(4).
2, 7, 283
Suppose -7*z - 15*z = 660. List the prime factors of z + 33 + (0 - (-1 - 862)).
2, 433
Let j = 417 - 319. Let u = 490 + j. What are the prime factors of u?
2, 3, 7
Let v be ((-140)/6)/(20/60). Let c be (20 - 0)/((-20)/v). Suppose w + 6 + 74 = 3*j, -c = -3*j - 4*w. What are the prime factors of j?
2, 13
Let r = -54 - -199. Suppose 5*y - 140 = r. List the prime factors of y.
3, 19
Let v(m) = -3*m**3 - 15*m**2 - 17*m - 5. Let s be v(-8). Let w = s + -111. List the prime factors of w.
2, 149
Let k be ((-6)/(-8))/(2/48). Suppose -5*c - 32 = -3*u, 251 = 4*u - 4*c + 203. Suppose -u*t - 328 = -k*t. What are the prime factors of t?
2, 41
Let f(u) = 11*u**2 - 3. Suppose o = 3*g + 2, -3*o = g - o + 10. Let l be f(g). Suppose 5*w = -5*n + 75, 0 = 3*n - w + 3*w - l. What are the prime factors of n?
11
Let s(c) = -6*c - 57. Let a be s(-12). Suppose 16*z - a*z - 134 = 0. What are the prime factors of z?
2, 67
Suppose -13*b + 3438 = -28009. List the prime factors of b.
41, 59
Let o be 8/(-6)*(1 + (-242)/(-4)). Let t = o + 141. Let d = -12 + t. What are the prime factors of d?
47
Suppose -16*h + 14*h = 0. Suppose h = 2*c + c - 15. Suppose -5*z + 2*k + 563 = 0, 5*z - 10*k - 575 = -c*k. What are the prime factors of z?
3, 37
Let v = -4217 + 4340. What are the prime factors of v?
3, 41
Suppose 10*t + 140 = 3*t. Let i(d) = -35*d - 100. List the prime factors of i(t).
2, 3, 5
Let c(u) = -u - u + 1 - 2*u + 5. Let o(q) = -4*q + 6. Let w(n) = 4*c(n) - 5*o(n). What are the prime factors of w(6)?
2, 3
Suppose 4*c + 2*l - 110640 = 0, 395*c - 396*c = l - 27664. List the prime factors of c.
2, 3457
Suppose -23*q = -378601 - 387156 + 215183. List the prime factors of q.
2, 11969
Let k(f) = 549*f + 3799. What are the prime factors of k(40)?
25759
Let i be (343/21 + (-5 - -2))/(2/138). Let k = -11 + 17. Suppose k*w = 16*w - i. List the prime factors of w.
2, 23
Suppose -4*b + 24 = -3*q, -22 = -2*b - q - 0*q. Suppose -5*s = -15, -3*s + b = -0*m - 3*m. Suppose m*v - 91 = 